rs of n?
2, 43
Let q(y) = -687*y - 22. What are the prime factors of q(-2)?
2, 13
Let n(l) be the third derivative of l**5/15 - l**4/2 + 7*l**3/6 + 4*l**2. Let u be n(5). Let p = 107 - u. What are the prime factors of p?
2, 3, 5
Suppose 4275 = -19*k + 14364. What are the prime factors of k?
3, 59
Let z = -8 - -11. Suppose z*r - 24 = 2*r. Suppose -2*t + 11 = n, 3*n = 5*t - 2*t + r. List the prime factors of n.
3
Suppose -5*z + w + 119 = -301, -z - w + 78 = 0. Let p = 51 + z. What are the prime factors of p?
2, 67
Suppose 0 = -w, -5*w = -3*u + 11 - 5. Let i = u - 5. What are the prime factors of (-71)/(-3) - (-2)/i?
23
Let w(l) = -l**3 - 13*l**2 - 14*l + 22. What are the prime factors of w(-13)?
2, 3, 17
Suppose 0 = 3*u - 3*h - 21, 3*h + 16 = u + 3. Let l(j) = -j**2 - 4*j - 38. Let a be l(-10). What are the prime factors of (u + 1)/((-14)/a)?
5, 7
Let g = -158 - -242. Suppose 2*a - g = -2*z, 0 = -z + a + a + 57. Let n = z - 10. What are the prime factors of n?
37
Suppose -28*a = -23*a - 10. What are the prime factors of 1/((-37)/(-18) - a)?
2, 3
Let b(y) = y**3 - 4*y**2 - 10*y + 9. Let l(i) = i**3 + 9*i**2 + 5*i - 6. Let x be l(-8). Suppose -2*f + 5*f = x. What are the prime factors of b(f)?
3, 7
List the prime factors of (9 - -1)*(-1134)/(-28).
3, 5
Let q = -72 - -71. Let o(f) = 114*f**2 - 2*f - 2. List the prime factors of o(q).
2, 3, 19
Suppose -5*o - o = 42. Let b(f) = -2*f. Let w be b(o). Suppose -w*r - 30 = -15*r. List the prime factors of r.
2, 3, 5
Let j be (-1)/(-2) - 954/12. Let i = -40 - j. Suppose r + i = p + 3*r, -p - 5*r + 42 = 0. What are the prime factors of p?
37
What are the prime factors of (-2)/6 - 24900/(-18)?
3, 461
Let g(u) = -21*u. Let l = 17 - 20. List the prime factors of g(l).
3, 7
Let r = 785 + -340. What are the prime factors of r?
5, 89
Suppose 0 = -3*l - c + 4*c + 45, -5*l = -4*c - 72. Let j = l - 7. Suppose -z + 18 = 2*x, 2*z = j*x - 3*x - 12. What are the prime factors of x?
2
Let r be (-5)/25*2*40. Let v = r + 31. What are the prime factors of v?
3, 5
Let n(p) = 4*p**2 - 4*p + 6. Let h be n(4). Let j be 2/4 - (-56)/(-16). What are the prime factors of (23*j)/(h/(-36))?
2, 23
Suppose z = -3*y + 5189 + 4352, 2*z = y - 3178. List the prime factors of y.
2, 3, 5, 53
List the prime factors of (-2)/(-19) + (5 - (-246600)/190).
1303
Suppose -40 = 2*i + 2*r + 3*r, 67 = -3*i - 4*r. Let x = i - -44. List the prime factors of x.
19
Let m = -1035 + 1669. What are the prime factors of m?
2, 317
Let p(u) = 87*u - 212. List the prime factors of p(8).
2, 11
Let s(n) = 21*n + 4343. What are the prime factors of s(0)?
43, 101
Suppose -49043 = -18*v - 2495. What are the prime factors of v?
2, 3, 431
Suppose -21*s - 644 = -35*s. Suppose 4*f + 3 = -1, 0 = 5*x - 5*f - 5. Suppose -s = -i - x*i. What are the prime factors of i?
2, 23
Let j(v) = -6 - 11*v - 4 - 1 + 1. What are the prime factors of j(-5)?
3, 5
Let j(d) = 2*d**2 - d. Suppose 2*a + h + 2 = 7*a, 5*a - 2*h = -1. Let z be j(a). What are the prime factors of 1 + (0 - z) + 27?
3
Let s(w) = w**3 - 43*w**2 - 160*w - 70. What are the prime factors of s(47)?
2, 7, 89
What are the prime factors of 27/(7938/28) + (-115580)/(-42)?
2, 43
Let k = 8 - 1. Suppose 0 = -4*x - 3*a + k*a + 44, 45 = 5*x - 3*a. What are the prime factors of (13 - 7)/(x/8)?
2
Suppose v + l - 3 = -2, -v + 3*l = 11. Let z be v/((-85)/(-29) + -3). Let g = z - 3. What are the prime factors of g?
2, 13
Suppose 5*h - 23690 = 5*l, 34*l = -3*h + 39*l + 14204. What are the prime factors of h?
3, 17, 31
Let p(u) = -u**2 + 2*u + 2. Let q be p(2). Suppose 2*z + 2*i - 164 = 0, q*z + 3*i = 139 + 20. List the prime factors of z.
3, 29
List the prime factors of (37 - (6 - 13))*(-179)/(-4).
11, 179
Let a be 239/(-4) - 10/(-520)*-13. Let c(z) = z**2 - z - 3. Let v be c(0). What are the prime factors of (a*2)/v - 3?
37
Let d be 3/(22/4 + -4). Suppose -d*x = -m - 0*x + 11, 2*x = -6. Suppose -m*p + 118 = 23. What are the prime factors of p?
19
Suppose 3*a + 3*z = -15, 2*z + 11 - 3 = 0. Let m = 20 - a. Let p = 61 - m. What are the prime factors of p?
2, 5
Let v(u) = 113*u**3 - 7*u + 6. What are the prime factors of v(2)?
2, 7
Let d be (-2)/(-7) - 148/28. What are the prime factors of 6/(-3) + (-360)/d?
2, 5, 7
Let g be -2 - -3 - (-5 - 422). Suppose 16*w = g - 140. What are the prime factors of w?
2, 3
Let v be (72/(-56) - -1) + 2/7. List the prime factors of 3/(-2 + (v - 1011/(-501))).
167
Suppose 116 = 6*q - 3*q - 2*d, -2*q + 68 = d. List the prime factors of 4/(q/(-213))*-3.
71
Suppose 4*u + n = 3*u + 6, 0 = 3*u - 2*n - 38. Suppose 5*h - 4 = 2*v, 0*v - 3*h + 44 = 4*v. Let i = u - v. What are the prime factors of i?
2
Let y(c) = -c**2 + 124. Let s be y(0). Let x = s - 67. What are the prime factors of x?
3, 19
Let p = -171 + 63. Let i = p + 72. Let x = i - -60. What are the prime factors of x?
2, 3
Suppose 0 = -5*q - 3*m + 10913, 4*m = 5*q + 4213 - 15154. What are the prime factors of q?
5, 19, 23
Let y = 393 - -65. List the prime factors of y.
2, 229
Let r be 40*(-3)/12*23. Let s be (9/(-6))/(5/r). Suppose 2*c + 106 = 3*x, 3*c - 2*c + s = 2*x. What are the prime factors of x?
2
Let w(g) = g**2 + 2*g + 2. Let a be w(-3). Suppose -490 = -a*x - 0*x. What are the prime factors of x?
2, 7
Let c be (-5)/(-25) + 3/((-15)/(-419)). Let z = c - 76. List the prime factors of z.
2
List the prime factors of (2/(-4)*-5)/((-3)/(-396)).
2, 3, 5, 11
Suppose 2*x + f + 221 = 0, 439 = -4*x - 3*f - 2*f. Let t = -44 - x. List the prime factors of t.
67
Let s be (-5 - 2) + 2 + -1. Let g be 4/(2 + s)*-2. Suppose 0*l - 3*c - 9 = -g*l, 3*l - 7 = -2*c. What are the prime factors of l?
3
Suppose -21 = -4*z + 39. Suppose a - 3*n + 0*n - 43 = 0, -a = 4*n - z. What are the prime factors of a?
31
Suppose u - 3*d = 640, -3*u + 0*u + 1885 = -2*d. List the prime factors of u.
5
Suppose -7 + 3 = -d. Suppose 0 = 3*t - d*t + 3. Suppose -3 = -2*y + t. What are the prime factors of y?
3
Suppose 5*o - 41 = 2*a, -3*a - 26 = -5*o - 6*a. Suppose o*l = -212 + 1367. List the prime factors of l.
3, 5, 11
Let r(k) = -350*k - 367. What are the prime factors of r(-16)?
5233
Let u(y) = -y**3 - y**2 - 7*y. Let n be u(3). Let j = n - -125. What are the prime factors of j?
2, 17
Suppose 1383 = s - 2947. List the prime factors of s.
2, 5, 433
Let d = -404 - -898. List the prime factors of d.
2, 13, 19
Let o(v) = 2*v**3 + 8*v**2 - 3*v + 2. Suppose -6 = 3*t - 2*t. Let h be o(t). List the prime factors of (4 + h/(-12))*3.
43
Let a(g) = g**3 - 18*g**2 + 21*g - 6. Let k = 47 - 30. List the prime factors of a(k).
2, 31
Let l be (-77)/(-5) - (-4)/(-10). Let m be (15/(1050/(-28)))/(4/(-50)). Suppose -n + 13 - 5 = -m*i, -3*i - l = -4*n. What are the prime factors of n?
3
Suppose 23*g + 39*g - 210862 = 0. What are the prime factors of g?
19, 179
Suppose 3*b + 5*v = 5, 3*b - 2*v = -b - 2. Let x(s) = s**2 + 1. Let y be x(-1). Suppose b = -y*w + 6*w - 140. List the prime factors of w.
5, 7
Suppose 11*w - 18*w + 8498 = 0. What are the prime factors of w?
2, 607
Let h(g) = -3 + 7*g**2 + 2*g + 0*g**2 + 4*g**2 - 3*g. What are the prime factors of h(2)?
3, 13
Suppose -3*n - 84 = n. Let d be (-46)/(-4) + n/(-14). What are the prime factors of 4/((-8)/6) + d?
2, 5
Suppose -3*y + 3318 = 288. What are the prime factors of y?
2, 5, 101
Let m = 68 + -63. Suppose -4 = 4*w, z + m*w = -0*w + 83. What are the prime factors of z?
2, 11
Let g = 11 + -5. Suppose n - g = -2*k - k, k = 3*n + 2. Suppose k*c - 67 + 11 = 0. What are the prime factors of c?
2, 7
Let t be (-10)/6*(-288)/80. Suppose 0 = 3*r - t, 2*a - 36 = 5*r + 118. List the prime factors of a.
2, 41
Suppose -10 = -2*h - 3*h. Suppose 0 = o + h. List the prime factors of o/13 + 2190/39.
2, 7
List the prime factors of 2/21 + ((-245286)/(-378) - -4).
653
Let a(q) = 2*q**3 - 3*q**2 + 32*q - 14. List the prime factors of a(8).
2, 3, 179
Let p(h) = 0*h**3 - h**3 + 5 - h + h**2 - 5*h**2. List the prime factors of p(-6).
83
Let a be (-3)/((-3)/4) - (1 + 6). Let f(l) be the second derivative of -5*l**3/2 - 3*l**2 - 2*l. What are the prime factors of f(a)?
3, 13
Let o(h) = 12*h + 6. Let j be o(3). What are the prime factors of 4/(-14) + 3708/j?
2, 11
Suppose 2*s - 5*s - f = -26, 0 = 3*s + 3*f - 30. Suppose -g = -4*c + 14, 2*c - s = g - 0*g. List the prime facto